4
What is the value of -17 - (-32 + 23) - -50?
42
What is the value of -28 - (-54 + (-20 - -28))?
18
What is the value of 2 + -1 + -8 - (-37 + 8 + (-35 - -61))?
-4
28 + (15 - 50 - 50)
-57
What is the value of 5 + -10 - 11 - (-23 + 4 + 7)?
-4
Evaluate 147 + -166 + -66 + 171.
86
Calculate (-1 + (0 - -2) - 4 - -11) + 29.
37
What is the value of (51 - 97) + -17 + 2?
-61
Calculate (349 + -337 - (-1 - -23) - 1) + 70.
59
Evaluate 236 + -198 - (73 + 7).
-42
What is the value of 1 + -107 + (1 - (10 + -3 + -28 + 13))?
-97
13 - (-37 - (-18 + (17 + -18 - -11)))
42
What is 22 + (56 + -20 - (2 + 18))?
38
What is the value of -72 + (14 - 10 - (23 + -40))?
-51
What is -18 + (9 - 1 - -1) + (-266 - -245)?
-30
What is 11 + (-55 - 16) - -14?
-46
Calculate -7 - ((-7 - -4) + 14 + -18 - 8).
8
Evaluate -38 + (-3 + 8 + 14 - 17).
-36
Calculate -9 - (-13 + (17 - -49 - 4)).
-58
(-2 - (9 + -14) - 6) + (-22 - -3)
-22
16 + 15 + -22 + 70
79
Calculate (22 - 8) + 9 + -1 - -23.
45
What is the value of (5956 - 6021) + 0 + 54?
-11
Evaluate -7719 + 7784 + -68 + 1.
-2
What is 24 - (29 + -25) - -34?
54
What is -14 - (-23 - (83 + -172))?
-80
((-7 - -13) + 0 - 13 - -9) + -72
-70
Calculate (-7 - 1) + (3 - 4) - (-731 - -745).
-23
What is -42 + 50 + (-1 - (4 + -2))?
5
What is (35 + -91 - 33) + 82?
-7
What is (-2 - -9) + -155 + 167 + -24?
-5
What is 47 + (-17 - (52 - 23))?
1
What is the value of -80 - (30 - 104) - -12?
6
What is the value of (-26 - 63) + (-43 - -118) - (-142 - 1 - -1)?
128
Evaluate -2 + 0 + (36 - -5 - 44) - -1.
-4
What is the value of 1702 - 1777 - (-134 - 4)?
63
Calculate -7 - -15 - 22 - (-14 + 14 + -3 + -1).
-10
What is (-3 - (1 + -3) - -15) + 4036 + -4008?
42
(-41 - -17 - 8) + 71
39
Evaluate 3576 + -3569 - (-1 - (54 + -1)).
61
41 + (212 - 220 - (-8 - 1)) + -4 + 4
42
What is 4 - (-19 - -10) - (-6 - 1) - 3?
17
(0 - -10) + (-68 - -39) + 10 + -40
-49
What is (-18 - (-94 - -54)) + -85?
-63
What is the value of (25 + (49 - 79) - (0 + -47)) + 8?
50
-1 + -2 + 1 + 1 + (224 - (3 + 263))
-43
49 - 55 - (13 + 0) - -35
16
Evaluate 75 + (8 - (-14 + 27)) + 2 + 19.
91
What is -33 - 16 - -30 - (3 + -22)?
0
What is the value of (-2 - 0 - -7 - (-16 + 20)) + (-2 - 12)?
-13
What is the value of -50 - -18 - -33 - -41?
42
What is 63 - (1 + ((3 - (11 + 7)) + 15 - 12))?
74
What is -34 - (-12 - (-17 + 18 - 3))?
-24
Calculate (0 - -65) + -6993 + 6894.
-34
-9 - (-93 - (-6 + 3)) - (-28 - -31)
78
Calculate 4 + 8 + (-1 - 5 - -11) + (3 - -61).
81
Evaluate 14 - (-80 - (-52 - 140)).
-98
36 - 0 - (-3266 - -3351)
-49
66 + (-17 + 2 + 0 + 4 - (-139 - -133))
61
What is the value of -30 - (-8 - 3 - (-1 + 1) - (-54 + 52))?
-21
17 + -28 + 14 - ((8 - -3) + -2)
-6
What is -6 + (18 + -41 - -16) - 8?
-21
What is the value of (5 - 61) + -122 - -101?
-77
Calculate 96 + ((4 - (-2 + 15)) + 28 - 8).
107
What is 30 + (-47 - 18) + 25?
-10
-4 - (-28 - (-27 - -2 - 5))
-6
Evaluate 14 - 45 - ((1 - 9) + 8 - 3).
-28
Calculate (20 - 35 - (2 - 11)) + 12 - 6 - -72.
72
Evaluate -20 + -4 + (14 - (14 + 29)).
-53
What is (9 - (-5 + (-4 - -15))) + -17 + -36?
-50
What is 45 - (5 + -6 + -30 + 43)?
33
Calculate 3092 + -3160 - (-35 - 0).
-33
-43 + 41 + (19 - (-10 + 24))
3
Calculate -80 - ((-21 - 24) + 5).
-40
2 - (-20 - (22 + 3 + 7))
54
What is 3 + -95 - (-12 + 2 + (76 - 76))?
-82
Calculate -1 + 115 - (-4231 + 4236).
109
Calculate 38 - (6 + -38 - (-15 - 8)).
47
What is -12 + 7 + -41 - (-47 - -35)?
-34
-15 + (-21 - (-12 + -22 - (21 + -32)))
-13
What is (103 - -1) + (-4 - (36 + -13))?
77
Calculate (6 - (15 - 9)) + -38 + 21 + 7.
-10
What is 58 + (-12 - (101 + 1))?
-56
Calculate (1 - 9) + (-4 - (1 - 1)) + (-139 - -33).
-118
What is (-24 - 0 - (460 + -488)) + -1 + -67?
-64
Calculate -8 + 1 - (5 - 17 - -3).
2
What is the value of 0 + -30 + (-96 - (-230 - -90))?
14
Evaluate -94 + (281 + -129 - 108).
-50
(-43 - (-8 - -2) - -5) + 24
-8
Evaluate (2 - (1 - (-4 + 4 + -7))) + -17.
-23
What is the value of 24 + 69 - 46 - 46?
1
What is the value of (21 + 30 - 31) + (14 - -14)?
48
What is the value of -8 - (-10 - (-55 - -40 - (-1 - 10)))?
-2
(-575 - -533) + -1 + 21
-22
Evaluate (-3 - (5 + -7 + 5 + -16)) + -4.
6
What is the value of (-42 - ((50 - 24) + -43)) + -1?
-26
Calculate (1 - -17 - (115 - 113)) + -3.
13
11 - 1 - (5 + 1 + -13) - -9
26
(17 - 15 - -8) + -73
-63
Evaluate -26 - (-5 + 28 + 22 + -45).
-26
-6686 + 6590 - (-1 + -201)
106
(15 + -79 - -33) + 2 + -10
-39
What is (17 - 13 - (4 + (5 - 15) - 0)) + -57?
-47
-9 - 0 - ((-27 - (-54 + 24)) + 17)
-29
(-59 - 12) + 15 + 5 + -7 + -2
-60
25 + (-13 - (-11 - 16))
39
Calculate 20 + 1 + 75 + -53.
43
What is the value of (6 - (-7 + 23)) + (-40 - -14) + 10?
-26
Evaluate 50 - 83 - 4 - -18.
-19
Calculate 31 - (-3 - -14 - -7) - -34.
47
Evaluate 102 + (-43 - -22) + -28.
53
Calculate (-2 - 2) + -1 + (-24 - (0 + (-13 - -16))).
-32
Evaluate -30 + 65 + 5 + -10 - 82.
-52
Calculate (-127 - -30) + 118 + 2 + 37.
60
What is -1 - -2 - (247 - 254) - (-50 - -119)?
-61
What is -50 + -89 + 79 - -24?
-36
(21 - (44 + -9)) + (-41 - -10)
-45
Calculate 897 + -950 - (1 + -67).
13
What is 2 - 0 - (-1 + 10 - (558 + -551))?
0
What is -11 - (-2 + 15 + -26 - (-2 + 0))?
0
(-18 - (-31 + (31 - 4))) + 16 + -110 + 1
-107
21 - (-38 + 27 + 57 + -30)
5
What is (57 - 31) + 13 + -36?
3
-12 + 1 + (15 - (7 + 16)) + -13
-32
Calculate 179 + -159 - (1 - -1 - (0 - 1)).
17
What is (3949 - 3926) + 0 + -25?
-2
Evaluate 159 - ((2 + 9 - -2) + (-2 - (18 + -21))).
145
Evaluate -1 - 29 - (-179 - (-325 - -107)).
-69
Evaluate 145 - (-43 + 175) - (1 - 35).
47
(2 + -4 - 6) + 192 + -187 + 63 + -7
53
What is the value of -26 - (13 - (-2 + (11 - -19)))?
-11
What is -94 + 46 + (-31 - -14) - (-1 + -22)?
-42
What is the value of (6 - 56 - -17) + (-2 - -90)?
55
Evaluate 2 + -1 + 18 + -466 + 581 + (-3 - -2).
133
Evaluate 15 - (-14 + -2 + -79 - -27).
83
Calculate -25 + 18 - (-50 + 59 - (0 - (41 - -3))).
-60
What is the value of -28 + 39 + -67 + 62?
6
What is the value of -4 - (7 + -1) - (-87 + 93 + -1 + -10)?
-5
Evaluate (26 - (-12 - -5 - 4 - 5)) + 1 + 1.
44
Calculate -3 + 3 + -644 + 613.
-31
16 - (23 + -19 + 52) - (3 + -2)
-41
((23 - 37) + (-4 - -47) - 5) + -80
-56
What is the value of -1 + 41 - (698 - 747)?
89
Calculate 30 - (107 + (106 - 258)).
75
7 + (-3 - (-20 + 24 - -16))
-16
What is the value of 22 + -2 + 1 - (82 - (-26 - -84))?
-3
Calculate -3 + -1 + 7 + -6 + 36 + -4.
29
Calculate (-166 - -119) + (67 - 2).
18
What is the value of -136 + 144 + -101 - (-2 - 4)?
-87
(6 - -11) + 3 + 16 + 2
38
What is 32 + -8 + -1 + -22 + (-26 - -71)?
46
(-1 + 7 + -4 + -9 - (33 - 28)) + -90
-102
Evaluate -52 + (-31 + 23 - -22).
-38
Calculate 1 - -20 - (-32 + 104 - 30).
-21
What is -5 + (-11 - (13 + (13 - 32))) + 88 + -2?
76
What is the value of 7 + (33 - (18 - (-14 + 22)) - 16) + 58?
72
Calculate 12 + (-14 - (-10 + 35 + -12)).
-15
What is the value of -2 - (94 + -106 + 20)?
-10
What is the value of -34 + 0 + 12 + 9 + -21?
-34
(-10 - -3) + -7 + 2 - -9
-3
What is (629 - 617) + (-1 - -20) + 6?
37
Calculate -30 - -23 - (0 + -4 + (-5 - -3)).
-1
-54 + (27 - (-33 + 35))
-29
What is the value of -1 + -1 + (4 - 49 - 3) + 195 + -200?
-55
9 + (-22 - -17) + 7 - -27
38
(1 - -14) + 2 + (-62 - -64 - (1 - 0))
18
-32 - (-6 + (31 - 36))
-21
(72 - 0) + 12 + -13 + -21
50
Evaluate (6 - (-1 - -3)) + (58 - (-6 + 58)).
10
Calculate (10363 - 10313) + (3 - (-1 + -27)).
81
What is -89 + 13 + (-31 - (31 - 76))?
-62
Evaluate (-18 - (42 + -62)) + 4.
6
Calculate 1486 + -1545 + -22 + 0 + 1 + -8 + 2.
-86
What is the value of (0 - 0 - (-3 + 0) - -5) + 617 + -620?
5
Calculate -9 + (8 - -16 - 14 - ((2 - 55) + 1)).
53
23 + 14 + -13 + 52 + -38
38
What is -4 - -8 - (159 + -176) - 100?
-79
Evaluate (-115 - -257) + -88 - -75.
129
What is 86 - 92 - (1 + 15 + (13 - 16))?
-19
Evaluate (26 + -5 - 24 - 11) + -9.
-23
What is (-31 - -58) + -1 - 8?
18
What is the value of (187 - 318) + 54 + 0?
-77
What is 32 - (-26 - -33 - -21) - (1 - 12)?
15
Evaluate (29 - (-105 + 159)) + -28.
-53
Evaluate (1 - 1) + (3 - -67) + (-41 - (9 + -26)).
46
Calculate 6 + 989 + -1003 + 4 + (-1 - -1) - -23.
19
What is the value of -2 + (-8 - (9 - 35)) + (4 - -3) + -3?
20
Evaluate -37 + (55 - (46 + 8)).
-36
Calculate 4 - -23 - (6 + 16 - (21 + 5)).
31
75 - (-20 + 94 - -87)
-86
1 - -2 - (1 + 15 - (2807 - 2766))
28
127 + -56 + -57 + -6
8
Evaluate (-19 + 69 - 52) +